base 16, what is -1 - -1?
0
In base 2, what is 11111101 - -101?
100000010
In base 12, what is 1 - -59?
5a
In base 2, what is -100101001 + -11?
-100101100
In base 5, what is 20 + 10?
30
In base 10, what is -15 - 55?
-70
In base 5, what is -442 - 4?
-1001
In base 14, what is -12 - 319?
-32b
In base 8, what is -76 - -17?
-57
In base 9, what is 5 - 1161?
-1155
In base 9, what is 4772 - 4?
4767
In base 12, what is 3 - -156?
159
In base 12, what is 4 - 549?
-545
In base 5, what is -30404 + 10?
-30344
In base 5, what is 2443 - -1?
2444
In base 7, what is 5 - 4?
1
In base 6, what is 55 - 5?
50
In base 9, what is 253 - -3?
256
In base 15, what is -2 - -19?
17
In base 16, what is -29 + -13d?
-166
In base 16, what is 0 - 5e?
-5e
In base 3, what is -100 + 11022?
10222
In base 9, what is 5215 - -7?
5223
In base 7, what is 6 - 331?
-322
In base 4, what is -10 + 300?
230
In base 8, what is 5 - 22?
-15
In base 4, what is 10 + 3222?
3232
In base 11, what is -2 + -52?
-54
In base 7, what is 665 - 100?
565
In base 15, what is -1b53 - -3?
-1b50
In base 13, what is -94ab + 1?
-94aa
In base 9, what is -101 - -17?
-73
In base 2, what is -11100100101 - 100?
-11100101001
In base 11, what is -952 - -1?
-951
In base 5, what is 210 + -10?
200
In base 2, what is -100000 + -100011?
-1000011
In base 2, what is 10011010001 - 0?
10011010001
In base 7, what is -54 + 2?
-52
In base 14, what is -12a + 1?
-129
In base 12, what is -40 - -41?
1
In base 4, what is 1022233 + 10?
1022303
In base 8, what is 5 - -104?
111
In base 13, what is 1a + -16?
4
In base 16, what is 1af - 5e?
151
In base 2, what is 1 - 1001100001?
-1001100000
In base 9, what is 8 + -27?
-18
In base 3, what is -2 + 1122?
1120
In base 8, what is 616 + 36?
654
In base 6, what is -4 - -240?
232
In base 10, what is -566 - 0?
-566
In base 13, what is -5 - a?
-12
In base 9, what is -471 - -2?
-468
In base 16, what is -8 - -3e8?
3e0
In base 5, what is 224 - 43?
131
In base 3, what is -1021 + 21220?
20122
In base 2, what is 1111011100 - -11?
1111011111
In base 8, what is -275 - 3?
-300
In base 8, what is -776 + -3?
-1001
In base 13, what is 3 - -cb8?
cbb
In base 5, what is 2030 + -11?
2014
In base 5, what is -24 - 21?
-100
In base 13, what is 1340 - -2?
1342
In base 7, what is 166 + -5?
161
In base 15, what is 2 - 639?
-637
In base 13, what is -2b77 + -5?
-2b7c
In base 11, what is -10 + 13?
3
In base 16, what is -4 + -295?
-299
In base 5, what is 1100 + 3?
1103
In base 2, what is 0 - -111111000?
111111000
In base 12, what is -5 - 35?
-3a
In base 13, what is -274 + -1b?
-292
In base 15, what is 2e + 7?
36
In base 16, what is 7 + 1e5?
1ec
In base 5, what is 0 - 3?
-3
In base 7, what is -252 - -13?
-236
In base 13, what is 219 - 9?
210
In base 5, what is 1404 + 2?
1411
In base 2, what is -100 + 1000100100?
1000100000
In base 10, what is 38 + 39?
77
In base 11, what is 3568 + 6?
3573
In base 9, what is -324 - 2?
-326
In base 8, what is 5 - -431?
436
In base 3, what is -11 + -1121112?
-1121200
In base 13, what is 14 - -64?
78
In base 3, what is -1211020 - 200?
-1211220
In base 12, what is 0 + 846?
846
In base 9, what is 2372 - 4?
2367
In base 12, what is -13 + -17?
-2a
In base 9, what is -111 + 1?
-110
In base 14, what is 8a86 + 3?
8a89
In base 3, what is -2 + 11211101?
11211022
In base 14, what is -6 + -175?
-17b
In base 15, what is 0 + -21c?
-21c
In base 10, what is 5 - 65?
-60
In base 15, what is 1 - 62?
-61
In base 13, what is 12b - 0?
12b
In base 11, what is 3a4 - 3?
3a1
In base 10, what is -23 - -1?
-22
In base 2, what is 100 + 110110000?
110110100
In base 10, what is -5 - 75?
-80
In base 6, what is -432 - -5?
-423
In base 2, what is -1 + -1101010?
-1101011
In base 11, what is -1 - 87?
-88
In base 10, what is -5 - -19?
14
In base 4, what is 0 - -33022?
33022
In base 9, what is -3220 - -5?
-3214
In base 6, what is 0 + -41?
-41
In base 16, what is 1 - -67?
68
In base 11, what is 175 + 2?
177
In base 9, what is -561 - 5?
-566
In base 13, what is 2 + 1a1?
1a3
In base 7, what is -3 - -21?
15
In base 14, what is 659 + -15?
644
In base 6, what is 5 + 3523?
3532
In base 5, what is -131 - 31?
-212
In base 15, what is -3 - -e29?
e26
In base 12, what is -233 + 4?
-22b
In base 5, what is 12410 - -10?
12420
In base 7, what is -1154 + 24?
-1130
In base 10, what is 1 + 710?
711
In base 12, what is 42 + -5b?
-19
In base 2, what is -110111 - -111?
-110000
In base 9, what is -22 - -28?
6
In base 16, what is a + -d0?
-c6
In base 2, what is 1000001 - -11100?
1011101
In base 3, what is 0 - 200202?
-200202
In base 16, what is -2 - -3?
1
In base 7, what is -44 - 5?
-52
In base 14, what is 353 + -5?
34c
In base 6, what is 50 + 3?
53
In base 8, what is -246 - -56?
-170
In base 14, what is -1a + 3?
-17
In base 9, what is 1082 - -4?
1086
In base 14, what is 3 + -4?
-1
In base 8, what is 373 + -11?
362
In base 6, what is -4 - 1154?
-1202
In base 16, what is 1bc + 4?
1c0
In base 10, what is -3595 + 0?
-3595
In base 11, what is -14 + 39?
25
In base 3, what is 220 + 210221?
211211
In base 10, what is -7 + -49?
-56
In base 15, what is -1657 + -3?
-165a
In base 2, what is -10010 - 1001?
-11011
In base 7, what is -3 - 11?
-14
In base 5, what is 34004 + -2?
34002
In base 3, what is -21 - -1202?
1111
In base 15, what is -1 - -1b93?
1b92
In base 6, what is 24 - -4103?
4131
In base 14, what is -22 + -209?
-22b
In base 13, what is 3b - -2c?
6a
In base 2, what is 1011 + 100010?
101101
In base 14, what is -1c7 + 5?
-1c2
In base 5, what is -4 - -1?
-3
In base 9, what is -308 - -3?
-305
In base 10, what is 68 - -3?
71
In base 3, what is 1200 + -11?
1112
In base 13, what is 2 - -5a2?
5a4
In base 2, what is -1100011 + -101010?
-10001101
In base 4, what is -1 + 223?
222
In base 12, what is -2 + 5023?
5021
In base 8, what is -5 + 366?
361
In base 16, what is 2c + 65?
91
In base 10, what is -61 + -64?
-125
In base 11, what is 3 - 13?
-10
In base 3, what is 10121 + 2?
10200
In base 12, what is 102 - -1?
103
In base 12, what is -10a + 22?
-a8
In base 4, what is 321220 + 11?
321231
In base 9, what is 3 + 3140?
3143
In base 5, what is 234 + -401?
-112
In base 7, what is -33 + 3?
-30
In base 16, what is 2 + 37f?
381
In base 10, what is 318 - -16?
334
In base 8, what is -4642 - 0?
-4642
In base 9, what is -2107 - -2?
-2105
In base 4, what is -11 + -201110?
-201121
In base 3, what is 20001 + -10?
12221
In base 11, what is -1 + 3?
2
In base 9, what is -12 - 4?
-16
In base 15, what is -5 - e0?
-e5
In base 6, what is -4313 - -2?
-4311
In base 4, what is -103220 + 22?
-103132
In base 5, what is 4 - -221?
230
In base 3, what is 1 - 202?
-201
In base 6, what is -14110 + 1?
-14105
In base 14, what is 4 + 2a?
30
In base 2, what is -1001111 + 10111111?
1110000
In base 14, what is 5a + cb?
147
In base 11, what is 21 + 3?
24
In base 12, what is a766 + 0?
a766
In base 15, what is 0 + -2c?
-2c
In base 5, what is 4 + 141?
200
In base 9, what is -44 + 4?
-40
In base 2, what is -11 - -1100?
1001
In base 11, what is -512 - -3?
-50a
In base 7, what is -10 + 5334?
5324
In base 8, what is 137 + -10?
127
In base 12, what is a19 - 1?
a18
In base 6, what is -134 - -2?
-132
In base 13, what is 5 - 22?
-1a
In base 9, what is 1245 - 2?
1243
In base 5, what is -10 + 34034?
34024
In base 2, what is -101 - -10110111?
10110010
In base 5, what is 214 + -2?
212
In base 4, what is 10 - -121?
131
In base 10, what is -159 + 54?
-105
In base 13, what is -3 - 68?
-6b
In base 11, what is 3 + 352?
355
In base 7, what is -2 + -41?
-43
In base 9, what is 5 - 447?
-442
In base 12, what is -1 - -9?
8
In base 3, what is 21110101 - -2?
21110110
In base 9, what is -3 - -44?
41
In base 15, what is 4 - -22a?
22e
In base 4, what is -311020 + 11?
-311003
In base 10, what is -5 - 102?
-107
In base 10, what is 82 - -3?
85
In base 3, what is 2221 - 11?
2210
In base 6, what is 5 - 2055?
-2050
In base 14, what is -a + -a?
-16
In base 15, what is -3 + 231?
22d
In base 10, what is 5 + -51?
-46
In base 5, what is -10 + -101012?
-101022
In base 8, what is -5 - 1045?
-1052
In base 12, what is 85 - 22?
63
In base 15, what is -3 + 4b?
48
In base 16, what is 3 - -52?
55
In base 9, what is 2443 + 1?
2444
In base 9, what is 1 + 415?
416
In base 2, what is 0 - 101111110011?
-101111110011
In base 11, what is 4 - 24?
-20
In base 5, what